ive q(3).
22
Let v(s) = s**3 + 21*s**2 + 59*s + 70. What is v(-18)?
-20
Let m(v) = v**3 + 20*v**2 - 80*v - 1630. Give m(-20).
-30
Let g(d) = d**2 + 27*d + 179. Determine g(-12).
-1
Let c(o) = -o**3 + 26*o**2 - 117*o + 599. Determine c(22).
-39
Let c(k) = 2*k**2 - 2*k + 11. Calculate c(-7).
123
Let u(x) = -11*x**2 + 119*x + 324. Calculate u(13).
12
Let b(n) = 1026*n + 5241. Calculate b(-5).
111
Let g(z) = 5*z**2 - 37*z - 148. Calculate g(-3).
8
Let d(q) = q**2 + 205*q + 13. What is d(0)?
13
Let i(p) = -p**3 - 6*p**2 + 231*p + 1908. What is i(-10)?
-2
Let c(z) = 827*z - 17363. Give c(21).
4
Let s(b) = -b**3 + 60*b**2 - 72*b + 766. Give s(59).
-1
Let y(k) = k**2 + 49*k + 158. Give y(-45).
-22
Let b(w) = 3212*w - 57817. Determine b(18).
-1
Let u(x) = -x**3 + x**2 + 32*x + 17. Determine u(-4).
-31
Let u(j) = -j**3 + 3*j**2 - 62*j + 616. Determine u(8).
-200
Let l(m) = -m**3 - 2*m**2 - 4*m - 416. Determine l(-8).
0
Let i(x) = -2*x**2 + 108*x + 476. Determine i(58).
12
Let w(x) = -x**2 + 14*x - 40. Calculate w(16).
-72
Let f(p) = 6*p**2 - 994*p + 656. Give f(165).
-4
Let u(h) = -h**3 - 7*h**2 - 12*h - 108. Determine u(-7).
-24
Let g(b) = -2*b**3 + 136*b**2 + 124*b + 956. Calculate g(69).
-10
Let j(x) = -x**3 + 143*x**2 - 1450*x - 29. What is j(11)?
-7
Let a(b) = 193*b + 3147. Calculate a(-16).
59
Let a(p) = 3*p**3 - 40*p**2 - 14*p - 75. What is a(14)?
121
Let m(t) = 70*t**2 + 9*t. What is m(1)?
79
Let p(a) = -a**3 + 17*a**2 - 32*a + 168. What is p(16)?
-88
Let b(m) = -5*m**2 - 31*m - 71. Calculate b(-3).
-23
Let r(f) = f**3 - 36*f**2 - 68*f - 320. Calculate r(38).
-16
Let d(n) = -17*n**3 - 9*n**2 - 4*n - 10. What is d(-2)?
98
Let k(v) = 193*v + 13703. What is k(-71)?
0
Let j(i) = 7940*i - 15873. Give j(2).
7
Let q(i) = 11*i**2 - 68*i + 14. Determine q(7).
77
Let b(z) = -2*z**3 + 69*z**2 - 39*z + 216. Determine b(34).
46
Let k(x) = -72*x - 4719. Give k(-66).
33
Let s(g) = -g**3 + 22*g**2 - 58*g + 34. Determine s(19).
15
Let j(p) = -1086*p - 114025. Give j(-105).
5
Let v(r) = r**3 - 5*r**2 - 10*r - 59. Calculate v(7).
-31
Let z(y) = -536*y**2 + 32697*y - 48. What is z(61)?
13
Let i(b) = b**3 + 40*b**2 + 358*b + 172. What is i(-27)?
-17
Let r(b) = -13*b**2 - 141*b - 12. What is r(-11)?
-34
Let n(r) = 4*r**2 - 12*r - 48. Give n(-3).
24
Let z(y) = -y**3 + 22*y**2 + 1026*y + 401. Calculate z(45).
-4
Let j(i) = 574*i + 11491. What is j(-20)?
11
Let g(k) = -k**2 - 17*k - 44. Determine g(-3).
-2
Let d(v) = -457*v + 1826. Determine d(4).
-2
Let y(l) = -15*l**2 - 398*l - 573. Give y(-25).
2
Let h(i) = -287*i + 2952. Calculate h(10).
82
Let f(c) = 15*c**3 + 29*c**2 - 34*c + 4. Give f(1).
14
Let j(o) = 42*o + 1201. What is j(-31)?
-101
Let h(t) = -199*t - 6165. Calculate h(-31).
4
Let v(u) = u**2 + 144*u - 51450. Give v(-310).
10
Let m(b) = -7*b**2 - 381*b + 226. Calculate m(-55).
6
Let f(z) = z**3 - 5*z**2 + 53*z - 355. Determine f(6).
-1
Let h(t) = -82*t**3 + 6*t**2 - 8*t + 12. Determine h(2).
-636
Let y(c) = -12*c**2 - 823*c - 359. Give y(-68).
117
Let v(t) = -15998*t + 47995. Give v(3).
1
Let d(m) = -m**3 + 21*m**2 - 63*m + 162. What is d(18)?
0
Let j(w) = -242*w - 1217. Calculate j(-5).
-7
Let a(o) = 271*o + 38. Give a(1).
309
Let g(r) = r**3 + 12*r**2 - 26*r + 8. Give g(-8).
472
Let x(i) = i**3 + 19*i**2 + 13*i + 44. Give x(-19).
-203
Let x(r) = -18*r**3 + 4*r**2 + 4*r - 1. Calculate x(-2).
151
Let k(j) = -j**2 + 15*j + 25. Calculate k(10).
75
Let h(g) = g**2 - 368*g + 32619. Calculate h(220).
59
Let b(a) = 15*a**2 + 210*a. What is b(-14)?
0
Let y(h) = -h**3 + 33*h**2 - 43*h + 1639. What is y(33)?
220
Let g(v) = 35*v**2 - 4*v - 15. Determine g(-2).
133
Let d(h) = -h**2 - 8*h - 57. Give d(-5).
-42
Let o(y) = -71*y**2 - 14*y + 9. Determine o(-3).
-588
Let u(v) = 19*v + 206. Give u(-11).
-3
Let b(v) = -8*v**3 - 3*v**2 + 31*v + 54. Give b(-2).
44
Let d(f) = 146*f - 126. Determine d(1).
20
Let g(q) = q**3 - q**2 + 7*q - 203. Give g(0).
-203
Let r(b) = b**2 + 186*b + 1083. Give r(-6).
3
Let l(m) = -m**3 - 41*m**2 - 194*m - 108. What is l(-36)?
396
Let w(t) = 392*t - 1916. Determine w(5).
44
Let r(s) = 6*s**3 - 5*s**2 + 8*s - 10. Determine r(4).
326
Let o(t) = t**3 + 14*t**2 + 64*t + 1110. Give o(-15).
-75
Let x(s) = -4*s**3 - 23*s**2 + 88*s - 5. Determine x(4).
-277
Let y(d) = -14133*d + 565323. Give y(40).
3
Let a(q) = -q**3 + 27*q**2 + 219*q - 5261. Calculate a(28).
87
Let o(x) = -1430*x + 8574. Give o(6).
-6
Let y(d) = -23*d**3 + 6*d**2 + 10*d + 5. Calculate y(-1).
24
Let i(v) = 2*v**3 - 27*v**2 - 15*v + 27. Determine i(12).
-585
Let k(m) = -15*m - 462. Calculate k(-30).
-12
Let v(z) = 116*z**2 - 580*z - 5. What is v(5)?
-5
Let b(u) = 2*u**3 - 8*u**2 - 390*u + 1902. Determine b(5).
2
Let o(d) = -5893*d + 5882. Give o(1).
-11
Let w(i) = -11*i**2 + 39*i - 9. Determine w(5).
-89
Let a(u) = u**3 + 47*u**2 + 39*u - 207. Determine a(-46).
115
Let m(i) = -i**3 - 8*i**2 + 16*i + 55. Calculate m(-2).
-1
Let c(a) = -a**3 - 103*a**2 + 209*a - 131. Calculate c(-105).
-26
Let z(g) = -43*g - 463. Give z(-9).
-76
Let q(i) = 195*i - 6428. What is q(33)?
7
Let t(s) = 41*s - 278. Give t(6).
-32
Let v(j) = j**3 - 8*j**2 - 11*j - 87. Determine v(10).
3
Let f(w) = 4*w + 12. Give f(-1).
8
Let h(w) = -w**3 + 12*w**2 - 21*w + 134. Calculate h(9).
188
Let s(r) = -r**2 - 150*r - 5331. Determine s(-58).
5
Let w(m) = -m**2 - 31*m + 656. Calculate w(14).
26
Let z(q) = -q**3 + 26*q**2 + 3193*q + 139. Give z(71).
-3
Let x(w) = -2*w**3 - 147*w**2 - 210*w + 443. Give x(-72).
11
Let f(i) = 250*i + 505. What is f(-2)?
5
Let n(a) = -130*a - 1152. Determine n(-9).
18
Let p(w) = -142*w - 26829. Calculate p(-189).
9
Let d(v) = 14*v + 172. Give d(0).
172
Let a(u) = u**3 - 23*u**2 + 42*u + 9. Calculate a(21).
9
Let r(i) = -261*i - 371. Determine r(-2).
151
Let c(v) = -v**2 + v + 20. Determine c(5).
0
Let k(t) = 2*t**3 + 4*t**2 - 5*t + 42. Determine k(-5).
-83
Let w(r) = r**2 + 23*r - 417. Calculate w(-50).
933
Let j(p) = p**2 - 116*p - 3681. What is j(141)?
-156
Let k(t) = t**2 + 38*t + 12. Determine k(-16).
-340
Let i(l) = 324*l - 1935. Calculate i(6).
9
Let d(s) = 178*s + 8896. What is d(-50)?
-4
Let x(s) = -12*s - 6. Calculate x(22).
-270
Let k(w) = 17*w - 117. What is k(4)?
-49
Let b(u) = 5*u**3 + 2*u**2 - u. Calculate b(-2).
-30
Let g(z) = 799*z - 20782. What is g(26)?
-8
Let x(t) = -1168*t - 3527. Give x(-3).
-23
Let g(i) = 8*i - 26. Calculate g(-11).
-114
Let k(z) = z**2 - 28*z + 153. What is k(20)?
-7
Let d(s) = 2*s**3 + 406*s**2 - 405*s + 606. Give d(-204).
-6
Let j(i) = i**3 + 6*i**2 - 17*i + 50. Give j(-9).
-40
Let b(x) = -2*x**3 + 150*x**2 - 11*x + 782. What is b(75)?
-43
Let r(b) = -b**3 + 64*b**2 + 70*b - 237. Calculate r(65).
88
Let d(j) = 78*j + 220. Give d(-8).
-404
Let a(t) = -366*t - 19. What is a(0)?
-19
Let s(n) = 219*n - 239. What is s(1)?
-20
Let f(r) = -131*r + 1090. Determine f(8).
42
Let c(a) = 5*a**3 - 145*a**2 - 298*a - 8. What is c(-2)?
-32
Let p(w) = -26*w**3 + w - 3. Determine p(2).
-209
Let i(b) = -6*b**2 + 108*b + 105. Give i(19).
-9
Let i(y) = -y**2 - 23*y + 82. Calculate i(3).
4
Let r(n) = -26*n + 1222. Give r(47).
0
Let a(n) = 50*n**3 - 3*n**2 - n + 3. Calculate a(-1).
-49
Let v(o) = 35*o - 115. Determine v(3).
-10
Let l(s) = 1864*s - 9356. Give l(5).
-36
Let r(h) = 2*h - 51. Calculate r(23).
-5
Let z(k) = 22*k - 71. What is z(14)?
237
Let c(r) = -558*r**2 - 6138*r + 6. What is c(-11)?
6
Let o(a) = 2*a**2 - 172*a - 3027. What is o(101)?
3
Let m(b) = -769*b - 16999. Give m(-22).
-81
Let w(m) = -111*m + 1097. Give w(10).
-13
Let j(i) = -294*i**3 - i**2 + 6*i + 6. Calculate j(-1).
293
Let t(v) = -47*v + 54. Determine t(1).
7
Let l(n) = n**3 - 5*n**2 + 24*n - 20. Determine l(6).
160
Let q(b) = b**3 + 8*b**2 + 22*b + 15. Calculate q(-5).
-20
Let a(u) = u**3 - 10*u**2 + 35*u - 343. Determine a(10).
7
Let h(y) = -13*y**2 - 107*y + 17. Determine h(-8).
41
Let i(x) = 4*x**2 - 153*x + 171. What is i(37)?
-14
Let j(b) = 7*b + 309. Determine j(-47).
-20
Let m(d) = d**3 + 17*d**2 + d + 33. Give m(0).
33
Let q(c) = -2549*c - 10204. Calculate q(-4).
-8
Let m(l) = -l**2 + 383*l - 4439. What is m(12)?
13
Let n(b) = 20*b - 931. Determine n(47).
9
Let c(p) = -p**2 + 8*p + 321. Calculate c(0).
321
Let g(q) = q**3 + 40*q**2 - 87*q + 97. Give g(-42).
223
Let x(z) = 968*z - 9682. Wh